et o be 23/5 + 2/5. Let s = 6 - o. What is the tens digit of (1 + s)*15/3?
1
Suppose -10 + 58 = 2*l + 4*j, 0 = -2*j. What is the tens digit of l?
2
Let b = 4 - 4. Suppose 1 = s - b*s. Suppose -v = -0*v - s. What is the units digit of v?
1
Let d(s) = s**2 + 1. What is the units digit of d(6)?
7
Suppose 0 = a - 19 - 171. Suppose 5*w = a + 95. What is the units digit of w?
7
What is the tens digit of 3*(80/12)/2?
1
Let z(g) = -5*g**2 + 8*g. Let v(a) = 3*a**2 - 5*a. Let h(p) = -8*v(p) - 5*z(p). Let f be h(3). Suppose -3*c + f + 9 = 0. What is the units digit of c?
6
Let k = -5 - -10. Let n be 6*-1*(-2)/4. Let i = k + n. What is the units digit of i?
8
Let g(s) = -5*s + 17. What is the units digit of g(-8)?
7
Let a = -271 - -386. Suppose 0 = 5*y - 5*r - a, -y + 5*r + 35 = -4. Suppose 4*l - 25 = y. What is the tens digit of l?
1
Suppose -4*p = p - 30. Let x be (-1)/p - 3/(-18). Suppose -i + 6 = -x*i. What is the units digit of i?
6
Let u be 2/6 - 71/(-3). Suppose -u = -2*s + 6. What is the tens digit of s?
1
Let i = 8 - 4. Suppose 3*r + i = -5*b + 13, r - 3 = b. What is the units digit of (-8)/(b + -2) + 0?
4
Suppose 3*l - 586 = -0*l - 5*d, 5*l = 3*d + 1022. What is the tens digit of l?
0
Suppose 4*m = 2*i - 152, 3*i + 3*m - 11 = 172. What is the tens digit of i?
6
Let l(r) = r**3 - 2*r**2 - 4*r + 3. What is the units digit of l(5)?
8
Suppose 0*w = 2*w - 8. Let u = -3 + w. What is the units digit of ((-3)/(-6))/(u/4)?
2
Let z(u) = -6*u + 29. What is the tens digit of z(-15)?
1
What is the tens digit of ((-82)/4)/(-3 + 25/10)?
4
Let c be (-1)/((((-4)/(-12))/1)/(-1)). Let f(y) = -15*y. Let t be f(1). What is the units digit of 45/c*(-18)/t?
8
Let n be 4/(-6) + (-8)/6. Let i(o) = -20*o + 1. Let g be i(n). Let a = g - 28. What is the units digit of a?
3
Let q(g) be the third derivative of -g**5/60 - 7*g**4/24 + g**3 - 2*g**2. What is the units digit of q(-6)?
2
Let p(i) = -i**2 + 10*i + 4. Let h be p(6). Suppose -4*a + h = -0*a. What is the units digit of a?
7
What is the tens digit of (4/(8/62))/(4/8)?
6
Let n be 2/3*3 - 1. Suppose 0 = -3*r - n + 7. Suppose -29 = -3*k - r. What is the units digit of k?
9
Let t = -13 - -28. What is the tens digit of t?
1
Suppose 12 = -8*h + 12*h. Suppose -h*j + 20 = -28. What is the tens digit of j?
1
Suppose d - 3 = -0*d. Suppose -3*t = -4*b - 6*t + 135, -b + 15 = -d*t. What is the units digit of b?
0
Let n be 2/4 - 9/(-6). Suppose -4*w = -n*w - 2. What is the units digit of w/2*(1 - -9)?
5
Let a be -1 - (-3)/(-3)*-1. Suppose i = -a*i. What is the units digit of -4*1/(i + -2)?
2
Suppose 5*v = 1 + 19. What is the units digit of v?
4
Let j(d) = -d**2 - d + 5. Let w be j(-4). Let g = -1 - w. What is the units digit of 4/g + 31/3?
1
Let i(r) = -r**3 + 10*r**2 - r + 13. Let o be i(10). Let p(q) = q**3 - 11*q**2 + 11*q - 8. Let y be p(10). Suppose y*t + o = 21. What is the units digit of t?
9
Suppose 7*k = 6*k + 2. Suppose -h + 4*x = -14, 4*h + 3*x = k + 16. Let g = h - 3. What is the units digit of g?
3
Let z = -20 - -58. What is the tens digit of z?
3
Suppose 0 = -c - 5, -7*c - 15 = 5*z - 2*c. Let y be (z - -1) + (0 - -1). Let w(f) = f**2 - f. What is the units digit of w(y)?
2
Let d(t) = t**3 - 5*t**2 - 5*t - 3. Let u be d(6). Suppose -u*f = -8 - 19. Let q = f - 3. What is the units digit of q?
6
Let m(f) = -f**3 - 2*f**2 + 2. Let j be m(-2). Let w(l) = -l**3 - 3 - 1 + 4*l**2 + 7*l - j. What is the units digit of w(5)?
4
Suppose -2*r + 5*g = -48, 0 = 3*r - 4*r + 5*g + 34. Let m = r - -14. What is the units digit of m?
8
What is the units digit of 0 + -3*116/(-12)?
9
Let a(q) = -q**3 - 3*q**2 + 3*q - 1. Let m be a(-4). Suppose -m*v = v. Suppose -2*g + 22 + 0 = v. What is the units digit of g?
1
Let u(b) = 3*b**2 + 2*b + 10. What is the tens digit of u(-5)?
7
Let i(k) = k**2 - 3*k. Let x be i(4). Suppose -x = -4*a + 24. What is the units digit of a?
7
Suppose 2*z = 2*b + 14, -3*z + 5*b - 8 = -33. What is the units digit of z?
5
Let x(d) = -d**3 - 6*d**2 - 5*d - 6. Let i be x(-4). Let q be 1/(-6) - 93/i. Suppose -q*c = -50 + 10. What is the units digit of c?
8
Suppose -4*p - 2*t + 43 = 3*t, 31 = 3*p + 5*t. Let b = p + -11. What is the units digit of b?
1
Suppose -b + 2*b - 59 = -4*c, -4*b + c = -202. What is the tens digit of b?
5
Let r(o) = 2 + 3*o - 2 + 3*o**2 - 3. What is the units digit of r(-3)?
5
Let i(p) = p + 7. Let t be i(-5). Let u = t - 1. What is the units digit of u?
1
Let r = -8 - -5. Let u = r + 3. Let q = u + 2. What is the units digit of q?
2
Suppose 68 = 4*g + 4*p, -5*p - 7 = -2. What is the units digit of g?
8
Let s(i) = 4*i - 23. What is the tens digit of s(17)?
4
Let p be 11 - (-1)/(3/(-3)). Let f = p + -9. What is the units digit of f?
1
Let w(j) = 11*j - 12. What is the tens digit of w(5)?
4
Let z(m) = m**3 + 10*m**2 + m + 12. What is the units digit of z(-10)?
2
Let h be (-2 - (-3 - 1))/2. Let d = h - -1. What is the units digit of d?
2
Let j(o) = o + 9. Suppose 3 = -3*q - 0. Let a(h) = -h**3 - 2*h**2 - h. Let t be a(q). What is the units digit of j(t)?
9
Let w(l) = l**2 - 3*l - 2. Let x be w(4). Suppose 4*a = a - 21. What is the units digit of (3 - (x + a)) + 1?
9
Let s be -4 - -5 - (1 - -11). Let r be -2*2*s/4. What is the units digit of (-1 + r)*(-1)/(-1)?
0
Suppose 3*t = -0*t + 180. Suppose 3*m = m + t. What is the tens digit of 3/(3 + (-81)/m)?
1
Let j be (12/(-14))/((-3)/42). Suppose j = w + w. What is the units digit of w?
6
Let c = -18 + 26. Let l = -6 + 1. Let s = c + l. What is the units digit of s?
3
Let z be 1 + (2 - 35 - 2). Let i = 10 + -15. What is the tens digit of (z/i)/(8/20)?
1
Let d be (1 - 0)/((-5)/(-25)). Let x = d - -8. What is the units digit of x?
3
Suppose 17*a = 14*a + 606. What is the hundreds digit of a?
2
Let u(b) = -50*b**3 - b**2 - b. Let o be u(-1). Suppose -2*t - o = -4*t. What is the units digit of t?
5
Let z(l) = -3*l + 1. Suppose 4*h + 4 + 12 = 0. What is the tens digit of z(h)?
1
Suppose -2*k + 0*k = -182. What is the tens digit of k?
9
Let u(v) = 3*v**2 - 2*v + 5. What is the tens digit of u(2)?
1
Let v = 7 + -7. What is the units digit of (-1 + v)/(-1) + 5?
6
Let u(n) = n**2 - 8*n - 16. What is the units digit of u(-6)?
8
Let q(m) = m**2 - 3*m - 1. Suppose 6 = 3*k - 6*k. What is the units digit of q(k)?
9
Let r = -24 - -76. Suppose -5*k = -k - r. Suppose k = 4*c - 31. What is the units digit of c?
1
Suppose 0 = -3*q + m - 0 + 4, 4*q - m = 4. Suppose q = -4*a - 0*a + 84. What is the units digit of a?
1
Let t = 33 - -3. Suppose -m + 3*m = -3*f + t, -f = 0. What is the units digit of (m/(-21))/(2/(-14))?
6
What is the tens digit of (-8 + 1)*(-792)/77?
7
Suppose 0 = 5*g - 2*g + 2*z - 38, -54 = -4*g - 2*z. Suppose g = -o + 4*w, -2*o - w + 18 = w. Suppose 0*x + o = x. What is the units digit of x?
4
Let k(j) = j**2 - 11*j + 1. Suppose -22 = -o + 2*i, -5*i - 37 = 4*o - 5*o. What is the units digit of k(o)?
3
Let y be 39/9 + (-6)/(-9). Let b = 22 - y. What is the tens digit of b?
1
Let z = 108 - 74. What is the units digit of z?
4
Suppose 0 = -4*w - 12, -3*w = 5*l - 2*l + 45. Let r = -5 - l. What is the units digit of r?
7
Let z = -6 + 14. Let x = -6 + z. What is the units digit of x?
2
Let z = 22 - 10. Suppose 4*c + 35 = -5. Let d = c + z. What is the units digit of d?
2
Let s(n) = -n**3 + 12*n**2 - 9*n - 7. Let v be s(11). Let t = v - 7. What is the units digit of t?
8
Let o be (-3)/9 + (-10)/(-3). What is the tens digit of ((-2)/o + 1)*33?
1
Suppose -3*f + 125 = 2*k, -12 = f + k - 55. Let r = -23 + f. What is the tens digit of r?
1
Let n be ((-8)/6)/((-4)/6). Suppose -a + 40 = 4*h + 4*a, 0 = n*h + 4*a - 14. What is the tens digit of h?
1
Let p = -56 + 33. Let s be 675/(-20) - (-4)/(-16). Let m = p - s. What is the units digit of m?
1
Let s(n) = 11*n**3 + 3*n**2 - 7*n + 19. Let y(l) = -5*l**3 - 2*l**2 + 3*l - 9. Let b(x) = -4*s(x) - 9*y(x). What is the tens digit of b(-5)?
2
Let z = -59 - -109. What is the units digit of z?
0
Let i = 720 + -430. What is the units digit of i?
0
Suppose -8*n + 11*n - 27 = 0. What is the units digit of 1197/81 + 2/n?
5
Let h = 31 - 21. Let w = h - 3. What is the units digit of w?
7
Let q = 790 + -507. What is the hundreds digit of q?
2
Let t(f) = f + 3. Let u be t(-3). Suppose 4*b + 1 - 17 = u. What is the units digit of b?
4
Let s(